a is divided by 25.
6
Let s(z) = -2*z**2 + 16*z + 19. Let h be 1/(-2)*(-3 + -3). Let u = h - -2. Calculate the remainder when s(8) is divided by u.
4
Let w = -24 - -27. Suppose -w*h = -26 + 2. What is the remainder when 23 is divided by h?
7
Let h = 21 + -16. Suppose -h*r - 11 = 4. Let v = r + 16. What is the remainder when 49 is divided by v?
10
Let f = -351 + 352. What is the remainder when 32 is divided by f?
0
Let r(t) = 4*t**2 + 8*t + 20. Let o = 7 - -6. Calculate the remainder when r(-6) is divided by o.
12
Let l = 50 - 35. Suppose 22*v - 20*v = -12. Let p = v - -50. What is the remainder when p is divided by l?
14
Let p(b) = -7*b - 2. Let g(i) = 6*i + 3. Let q(k) = 3*g(k) + 4*p(k). Let h(c) = 83*c**2 + c - 1. Calculate the remainder when h(1) is divided by q(-2).
20
Let n(o) = 3*o**2 + 3*o - 26. What is the remainder when n(3) is divided by 3?
1
Let j = 351 + 24. Calculate the remainder when j is divided by 95.
90
Let d be (-2)/(-8) + (-1)/4. Suppose u - 2*c - 45 = 3*c, d = u - 3*c - 35. Calculate the remainder when 79 is divided by u.
19
Let y(p) = -p**2 + 45*p - 66. What is the remainder when y(38) is divided by 67?
66
What is the remainder when 360 is divided by 2/(4/14) + 12?
18
Calculate the remainder when 255 is divided by ((-2)/(12/(-117)))/((-3)/(-6)).
21
Let g be 16 - (1 + 1) - 2. Let a = 14 - g. Suppose 4*y - 73 = -3*k, a = -y + 3*k + 24. What is the remainder when y is divided by 10?
9
Let l(y) = y**3 - 7*y**2 + 7*y - 3. Let z be l(6). What is the remainder when (z - 0) + (4 - -34) is divided by 1 - 21/(-6)*6?
19
Let f = -7 - -25. What is the remainder when 260 is divided by f?
8
Suppose 4*v + 83 = -8*b + 3*b, 35 = -3*b + 5*v. Let w = 58 - 35. Let x = b + w. What is the remainder when 31 is divided by x?
7
Suppose 0 = -3*a + 3*c - 12, -4*c - 6 = a + 8. Let l = 25 + a. Calculate the remainder when 56 is divided by l.
18
Suppose 0 = -7*v - 8*v + 180. Let a(w) = -w**3 + 12*w**2 + 2. What is the remainder when 4 is divided by a(v)?
0
Suppose 464 = -194*a + 198*a. Calculate the remainder when a is divided by 34.
14
Let u = 2 + 1. Suppose 0 = u*d - d - 30. Let n = d + -3. Calculate the remainder when n is divided by 7.
5
Suppose 2*i = -58 + 216. Calculate the remainder when 155 is divided by i.
76
Calculate the remainder when 202 is divided by (-3 - -8) + -13 + 20.
10
Let q = 357 + -233. What is the remainder when q is divided by (-7)/((-105)/625) + 2/6?
40
Suppose 154 = 8*x + 42. Calculate the remainder when 181 is divided by x.
13
Let u = 138 + -225. Let a = u - -176. What is the remainder when a is divided by (-9)/(-3 + 108/40)?
29
Let i be -6*8/(-12) - -19. Suppose 0*z = z - i. What is the remainder when 66 is divided by z?
20
Suppose -10*x = -7*x - 48. Calculate the remainder when 37 is divided by x.
5
What is the remainder when 197 is divided by 2 + ((-2)/6)/((-2)/228)?
37
What is the remainder when 100 is divided by ((-1224)/60)/(6/(-10)) + -2?
4
Suppose 4*q + 0*r + 9 = -3*r, -q - 11 = -r. Let c be 160/6 - q/(-9). Let l = -13 + c. Calculate the remainder when 49 is divided by l.
10
Let c(l) = l**3 + 5*l**2 - 7*l - 1. Let n = 15 - 28. Let g = n - -30. Calculate the remainder when g is divided by c(-6).
2
Let t = 59 + 20. Suppose -j + 6 = 3. Let i(q) = -q**3 + 6*q**2. Calculate the remainder when t is divided by i(j).
25
Let f(b) = -8*b**3 + 3*b**2 + b - 2. Let a = -16 + 47. Let z = a - 33. Calculate the remainder when f(z) is divided by 15.
12
Let b(z) = -23*z - 4. Let n = -18 + 6. Let w be (-2 + -1)/(13 + n). What is the remainder when b(w) is divided by 22?
21
Suppose 4*t + 2*a + 0*a - 72 = 0, 5*t - 3*a - 79 = 0. Let k(g) = 2*g**2 + 4*g - 1. Suppose 2*b = 7*b + 15. Calculate the remainder when t is divided by k(b).
2
Suppose 2*x - 1 - 3 = 0. What is the remainder when 4 + (-147)/((-6)/x) is divided by (-300)/(-21) - (-2)/(-7)?
11
Suppose -1 - 47 = 3*i. What is the remainder when ((-2)/(-2))/((-2)/(-70)) is divided by (-24)/7*56/i?
11
Let k = 469 + -299. What is the remainder when k is divided by 66?
38
Let f = -310 + 517. Suppose -8*b = b - f. Calculate the remainder when (2 + (2 - 71))/(-1) is divided by b.
21
Let m(d) = -d**3 - 6*d**2 - 7*d - 1. Let t = 15 + -18. What is the remainder when 5*3/t*-3 is divided by m(-5)?
6
Suppose -2*j + 329 - 106 = k, 466 = 4*j - 2*k. Suppose -t - 40 = -h + t, 4*t = 3*h - j. Let s = -1927 - -1936. Calculate the remainder when h is divided by s.
7
Let r = -269 - -275. What is the remainder when 1221 is divided by r?
3
Let j = -119 + 179. What is the remainder when j is divided by 41?
19
Let o(g) = 2*g**2 + 22*g + 79. What is the remainder when 64/(-6)*12/(-4) is divided by o(-6)?
13
Suppose -58*g - 222 = -64*g. Calculate the remainder when 1662 is divided by g.
34
Suppose 0 = -4*j + 82 + 10. Suppose -2670 = -581*v + 551*v. Calculate the remainder when v is divided by j.
20
Suppose 1376 = 4*x - 4*y + 468, x + 5*y - 197 = 0. What is the remainder when x is divided by 47?
34
Let b(j) = -3*j - 3 + 3 - 2. Let m(g) = g**2 + 7*g + 8. Let d be m(-4). What is the remainder when 48 is divided by b(d)?
8
Let l(t) = t**3 + t + 5. Let w be l(5). Let a = w - 110. Calculate the remainder when a is divided by (5/(5/(-26)))/(-2).
12
Let t(u) = -2 + u + 1 + 0. Let p = -7 + 13. Calculate the remainder when t(p) is divided by 4.
1
Let n(o) = -6*o - 19. Let i be n(-4). Suppose -c + 2*z + 4 = -8, 5*c + i*z - 45 = 0. What is the remainder when c is divided by 6?
4
Let s = 692 - 679. What is the remainder when 272 is divided by s?
12
Calculate the remainder when 4/50 + 417771/675 + -3 is divided by 23.
18
Suppose 2*p = -2*r, 5*p + 16 = 5*r + 2*p. Suppose -c - 11 = -r*c. Calculate the remainder when c is divided by (0 - 1)*(-42)/6.
4
Let w be (-170)/(-4) + 4/(-8). Suppose -2*k + 0*k = -w. Suppose -2*m + 0*m = -16. What is the remainder when k is divided by m?
5
Suppose g - b = 196 - 190, g = -5*b - 12. Let r(m) = 4*m + 5. Calculate the remainder when r(5) is divided by g.
1
Let c(o) = -o**3 - 8*o**2 - 6*o + 7 - 16*o + 13*o. What is the remainder when 39 is divided by c(-7)?
18
What is the remainder when 16/(-136) + 5425/17 is divided by 36?
31
Suppose -3*f - 45 = -8*f. Suppose 112*x - 5090 = -1170. What is the remainder when x is divided by f?
8
Suppose -4*g + 276 = 3*a + 72, -3*g = 4*a - 153. Calculate the remainder when 864 is divided by g.
48
Suppose 0 = -7*q + 3*q + 72. Let r = -17 + q. What is the remainder when 8 is divided by -7 + 7 - -3*r?
2
Suppose 2*i + 2*d + 0*d - 2 = 0, 2*i - 2*d - 18 = 0. Suppose -t + 2 + i = 0. Calculate the remainder when 18 is divided by t.
4
Let k = 145 + -141. What is the remainder when 71 is divided by k?
3
Suppose -4*a + 2*s + 107 = 9, -5*a = s - 119. Suppose -3*z + 9 = -30. What is the remainder when a is divided by z?
11
Suppose -3*q - 4*j + 34 + 29 = 0, -j = -4*q + 65. What is the remainder when q is divided by 6?
5
Suppose -7*g = -f - 2*g + 33, -2*f + 5*g = -46. What is the remainder when -15*(-1 - (1 + 1)) is divided by f?
6
Let k = -416 + 222. Let s = 312 + k. What is the remainder when s is divided by 30?
28
Suppose -z = 3*w - 1, w = -46*z + 49*z - 53. Calculate the remainder when z is divided by 7.
2
Let v = 16 + -12. Suppose 5*m + 33 = 2*n, 0*n = -2*n - v*m - 12. Suppose -5*w + 9 = -n*z, -3*w + 12 = 3*z - 15. Calculate the remainder when 5 is divided by w.
0
Suppose 0 = u + 5*c - 20, 5*u - c - 26 = 4*u. Suppose 66 = d - 7. What is the remainder when d is divided by u?
23
Let k(d) = 53*d**3 + d - 1. Suppose 54*l = 4*j + 52*l - 54, 0 = 4*j - 5*l - 51. Calculate the remainder when k(1) is divided by j.
11
Let z(v) = -4*v - 24. What is the remainder when 83 is divided by z(-7)?
3
Suppose -2*z + 5*z = 108. Let k(j) = 4*j - 126. What is the remainder when z is divided by k(34)?
6
Suppose 15*h = 29*h - 112. Suppose q - 5*c = 29, 4 = 4*c - 8. Suppose 234 = 5*a + q. Calculate the remainder when a is divided by h.
6
Suppose -6*k - 1440 = -51*k. Calculate the remainder when 157 is divided by k.
29
Let a(h) be the second derivative of 1/3*h**3 - 3/2*h**2 + 0 + 2*h. What is the remainder when a(5) is divided by 4?
3
Let g = -1889 + 1920. Calculate the remainder when 1239 is divided by g.
30
Let f be -5 + (-3 - -6) + 2. Suppose f*u = u - 9. Suppose -u*l + 12*l = 48. Calculate th